 units digit of o(-8)?
9
Suppose q - 20 = 3*y, -5*y + 9 = -q + 25. Suppose -4*x - 8 = 0, -4*a + 78 = 4*x - q. What is the units digit of a?
8
Let j be 1 - 6 - (-2 - -2). Let g be (-10)/(1 - j/(-3)). What is the tens digit of (-6)/g + (-104)/(-10)?
1
Suppose 2*s - a - 16 = -7, -5 = -5*s - a. Suppose 5*p + 23 + s = 0. Let u = -4 - p. What is the units digit of u?
1
Let i(q) = 2*q - 7. Let m be i(6). Suppose m*n + 76 = 5*w - w, 2 = -w - 4*n. What is the units digit of w?
4
Suppose 3*a = 4*a - 5. Suppose -3*h = -a*o + 3 + 11, -h + 10 = 2*o. Let y(u) = -u**3 + 3*u**2 - 2*u + 3. What is the units digit of y(h)?
3
Let i(y) = -y**2 - 6*y - 3. Let a be i(-5). Let m(f) = -a*f + f + f**2 + 0*f**2 + 4. What is the units digit of m(3)?
0
Suppose 0 = -6*k + k + 5. Suppose 44 = 4*y + 4*v, -y - v + 6*v = 19. Let u = y + k. What is the units digit of u?
7
Suppose 2*y - 3*p - 3 + 0 = 0, 5*y + 2*p - 17 = 0. What is the units digit of y?
3
Suppose -6*m - 42 = 5*k - 3*m, -5*k + 3*m = 18. Let g be 1/(k/(-93))*2. Suppose 1 - g = -5*i. What is the units digit of i?
6
Suppose -3*m - 1 + 7 = 0. Suppose -4*d + 5*a - m*a = -87, d - 4*a - 25 = 0. What is the tens digit of d?
2
Let s = 6 - 7. What is the units digit of (0 - s)*(-3 + 12)?
9
Let t = 21 + -10. What is the tens digit of t?
1
What is the tens digit of (-12)/(((-16)/10)/4)?
3
Suppose -30 = -4*s - s. What is the units digit of s?
6
Let r = -79 - -156. What is the units digit of r?
7
Let m(d) = 19*d**3 - 2*d**2 - 7*d. Let i(c) = -29*c**3 + 3*c**2 + 11*c. Let g(b) = -5*i(b) - 8*m(b). Let y be 2 + -2 + 0 + -1. What is the units digit of g(y)?
7
Let q(m) be the third derivative of -m**4/12 + 2*m**3/3 + 2*m**2. Let s be q(-3). Let r = s + -2. What is the units digit of r?
8
Suppose -340 = 107*p - 111*p. What is the tens digit of p?
8
Suppose -3*r + 101 = -127. What is the tens digit of r?
7
Let i(d) = d**3 - 3*d**2 - 2*d - 4. Let n be i(4). Suppose n*y - 3 = 5. Let g = y - 1. What is the units digit of g?
1
Let i = 2 + 1. Suppose 8*u = i*u. What is the units digit of u + 2 + (0 - 1)?
1
Let y(c) = -c**2 + 10*c - 20. Let p be y(6). Let b be 2/(-6) - 1/(-3). Suppose 0 = -5*d + n - b*n + 71, 3*d - 61 = -p*n. What is the units digit of d?
5
Suppose -13 = 5*p - 38. What is the units digit of 11 + -3 + p + -5?
8
Let i be (0 + -3)*(-12)/4. Let g = i + 5. What is the tens digit of g?
1
Let c(h) = 3*h**2 - 4*h**2 + 12 - 7*h - 10. What is the tens digit of c(-5)?
1
Let h(c) = c**2 - 13*c + 6. Let b be h(7). Let n be 5*(b/(-10) + -3). What is the units digit of (n/(-6))/((-2)/76)?
9
Let o(s) be the first derivative of 3*s**4/4 - s**3 + s**2/2 + s - 6. What is the units digit of o(2)?
5
Suppose 31 = 4*j - 3*g, -3*j + g = 2*g - 7. Suppose 0 = w - j*w + 9. What is the units digit of 1 + 15/9*w?
6
Let n be (-1)/4 - 221/(-4). Suppose 3 = -4*u + n. What is the units digit of u?
3
Suppose 0 = 4*t - 2*t - 4. Let f = -1 - -6. Suppose -f*y + 20 = 4*v, -6*v = -t*y - 3*v + 8. What is the units digit of y?
4
Let k be (-5)/(-2) + 1/(-2). Let i = -3 - -8. Suppose 67 = i*o - k*u, -4*u = -15 - 1. What is the tens digit of o?
1
Suppose q - 4 = -4*i, 0*i - 2*q = 5*i - 5. Let r = 2 - i. What is the units digit of r?
1
Let z = -19 + 62. What is the units digit of z?
3
Let y = 882 + -480. What is the units digit of y?
2
Let i(n) = -n**3 - 6*n**2 + n - 4. Let m be i(-6). Suppose 3*p = p + 32. What is the units digit of (p/5)/((-4)/m)?
8
Suppose 0 = -4*c + 9 + 19. Let y be (31/1)/(c + -6). Suppose -74 = -5*v - 4*p + y, -4*p - 65 = -5*v. What is the tens digit of v?
1
Let l = -8 - 10. Let r(g) = g**3 + 4*g**2 - 2*g - 5. Let q be r(-4). What is the units digit of (-34)/q*27/l?
7
Let t be (-4)/(-5)*215/2. Suppose 3*m - t + 22 = -o, 26 = m + 5*o. What is the units digit of m?
1
Let t be (-1)/(2*2/(-72)). Let n = 9 - t. Let z = -4 - n. What is the units digit of z?
5
Let p(l) be the second derivative of l**4/12 + 7*l**3/6 + 5*l**2/2 - l. Suppose 6 = 2*y + 4*s, -3*s - 6 = 4*y + 7. What is the units digit of p(y)?
5
Let l(a) = a**3 - 18*a**2 - 14*a - 18. What is the tens digit of l(19)?
7
Let q = -17 - -12. Let z = q - -14. What is the units digit of z?
9
Let v = 80 + -35. Suppose v = -3*a + 159. What is the tens digit of a?
3
Suppose -8*m + 6*m + 84 = 0. Let i = 59 - m. What is the tens digit of i?
1
Let t(k) = k**2 + 10*k - 28. What is the tens digit of t(-13)?
1
What is the tens digit of -1*(2 - 2) + 20*4?
8
Let r(m) = -m**3 + 13*m**2 - 12*m + 15. What is the units digit of r(12)?
5
Let v be (-2)/5 + (-13)/5. What is the tens digit of (2 - (18 + v))*-1?
1
Let c(b) = -28*b + 6. What is the tens digit of c(-4)?
1
Let z be ((-1)/(-1))/((-3)/(-12)). Suppose -z*u - 5*s + 58 = 0, -3*u + s + 26 = -4*s. What is the units digit of u?
2
Let w = 8 - 20. Let u(d) = -2*d - 6. What is the tens digit of u(w)?
1
Let u(r) be the first derivative of 22*r**3/3 - r + 1. What is the units digit of u(-1)?
1
Suppose -t - 13 = -2*t. Let a = -6 + t. What is the units digit of a?
7
Let c(g) = -g + 1. Let l(w) = 5*w - 2. Let q(m) = 6*c(m) + l(m). What is the units digit of q(3)?
1
Suppose 7 = 2*d - 1. What is the units digit of d?
4
What is the tens digit of 23 - (2 + 0 - 2)?
2
Suppose -5*m - 3*k - 66 = 0, -m = -k - 2*k + 6. Let d(t) = -2*t - 16. What is the units digit of d(m)?
8
Let n be (-3 + 4)/(2/(-2)). Let u be (-1)/2*4/n. Suppose 0 = u*y + y - 15. What is the units digit of y?
5
Let q(o) = -o**3 + 2. Let z(i) = -2*i**3 + 5. Let d(f) = 5*q(f) - 2*z(f). What is the units digit of d(-2)?
8
Suppose 3*s = y + 67, 4*s + y - 7 = 73. What is the tens digit of s?
2
Let u = -44 - -137. Suppose 3*n - 125 = -5*b, -b - 3*b = n - u. What is the tens digit of b?
2
Suppose 0*a = 5*i - a + 19, 4 = -2*i + 4*a. Let q = i + 41. What is the units digit of q?
7
What is the tens digit of (-4)/(-6) + 0 - 8456/(-42)?
0
Suppose 52 = 2*n + 2*d + 2*d, 3*n - 3*d = 33. Let i = 25 - n. What is the units digit of i?
9
Let j(w) = -7*w - 1. Let a be j(1). Let g(z) = -z**2 - 9*z - 4. Let x(i) = i**2 + 9*i + 5. Let q(s) = 4*g(s) + 5*x(s). What is the units digit of q(a)?
1
Suppose -3*c = 15*i - 17*i - 489, 3*c - 474 = -3*i. What is the hundreds digit of c?
1
Let f = 863 + -550. What is the hundreds digit of f?
3
Let k be (-6)/(-8)*(6 - -6). Suppose -k = -3*g, s - 77 = -4*s + g. What is the tens digit of s?
1
Let t(b) = -b**2 + 5*b - 4. Let f(k) = -3*k**2 + 15*k - 12. Let d(m) = -3*f(m) + 8*t(m). What is the tens digit of d(6)?
1
Let o be ((-766)/(2 + 0))/(-1). Suppose 0 = -5*w + 22 + o. Suppose n + 4*d = 2*d + 9, 4*n - d = w. What is the tens digit of n?
1
Let r = 5 + -2. Suppose -3*p = 5*m - 36, 0 = -r*m + m - 4*p + 6. What is the units digit of m?
9
Let m = -5 - -106. What is the units digit of m?
1
Let u be (-1 - (-2 + 2)) + 20. Suppose 2*l - u - 31 = 0. Suppose 2*o - 3*h = -6*h + 27, 0 = -5*h + l. What is the units digit of o?
6
Suppose 4*x - 8 = 24. Let z be x*1 - (-5 + 6). Suppose -y = -2*f - z, 5*y - f - 3*f - 17 = 0. What is the units digit of y?
1
Let h(t) = t. Let c(m) = -m**2 + m + 7. Let v(k) = c(k) + 4*h(k). What is the units digit of v(6)?
1
Suppose 264 = -4*s + 6*s. What is the tens digit of s?
3
Let p(q) = q. Let m(k) = 2*k. Let v(z) = 2*m(z) - 3*p(z). Let i be v(4). Suppose 24 + 12 = i*h. What is the units digit of h?
9
Let z(o) = 21*o + 19. What is the hundreds digit of z(8)?
1
Let c(r) = r**3 - 2*r + 2. Let d be 3*((-4)/6)/(-1). Suppose -4*g = 5*w - 18, 3*g - d*g = -5*w + 12. What is the units digit of c(w)?
6
Let s = 35 + 51. Let n = 124 - s. What is the tens digit of n?
3
Suppose -92*x = -101*x + 3726. What is the hundreds digit of x?
4
Suppose -3*f + 415 = 76. What is the hundreds digit of f?
1
What is the hundreds digit of (-747 + 2)*(-2)/10?
1
Let j(v) = v**3 - 2*v**2 - v. Let k be j(3). Suppose 3*n = -3 - k. What is the units digit of ((-2)/n)/(2/15)?
5
Suppose 0 = -5*t + 4*k + 25, 5 = 2*t - t - 5*k. Suppose -8 = -t*f + f. What is the units digit of (-440)/(-24) - f/(-3)?
9
Let z = -5 + 128. Suppose g + 2*g = z. Suppose 4*i + 13 - g = 0. What is the units digit of i?
7
Let g(r) = -r**2 + 9. Let i(y) = y - 6. Let m = 3 - -3. Let d be i(m). What is the units digit of g(d)?
9
Suppose -2*v + 370 = -136. What is the tens digit of v?
5
Let f(z) = 2*z**2 + 11*z - 10. Let d(y) = y**2 + 1. L